{"id":815,"date":"2020-04-30T06:59:25","date_gmt":"2020-04-30T06:59:25","guid":{"rendered":"https:\/\/wordpress.kulturtanken.app\/vestfoldogtelemark\/?page_id=815"},"modified":"2024-12-05T12:02:11","modified_gmt":"2024-12-05T12:02:11","slug":"for-laerere","status":"publish","type":"page","link":"https:\/\/wordpress.kulturtanken.app\/telemark\/er-du-kulturkontakt\/for-laerere\/","title":{"rendered":"For l\u00e6rer, kulturkontakt og skoleleder"},"content":{"rendered":"\n<h3 class=\"wp-block-heading\">Forberedelse er n\u00f8kkelen til at DKS-bes\u00f8ket blir vellykket, og b\u00e5de l\u00e6rere, kollegaer og elever b\u00f8r vite hva som kommer.<\/h3>\n\n\n\n<p class=\"has-small-font-size\"><\/p>\n\n\n\n<p class=\"has-medium-font-size\">L\u00e6reren er viktig rollemodell for elevene i m\u00f8te med kunst og kultur, og det er viktig at du som l\u00e6rer deler opplevelsen sammen med elevene.  Forbered elevene p\u00e5 hva de skal oppleve. Hold kontakt og samarbeid med kulturkontakten p\u00e5 skolen, b\u00e5de i forkant og under bes\u00f8ket.<\/p>\n\n\n\n<p class=\"has-medium-font-size\"><a href=\"https:\/\/dkskommer.no\/\"><strong>Les mer om hva du kan gj\u00f8re som l\u00e6rer p\u00e5 nettsiden &laquo;DKS kommer&raquo;<\/strong><\/a> <\/p>\n\n\n\n<h3 class=\"wp-block-heading\">Vi \u00f8nsker at du som l\u00e6rer <\/h3>\n\n\n\n<ul class=\"has-medium-font-size wp-block-list\"><li>informerer og forbereder elevene i forkant av hvert DKS-arrangement<\/li><li>knytter DKS-opplevelsen til oppl\u00e6ringen og til l\u00e6replanverket, der det er relevant<\/li><li>legger inn dato og informasjon om DKS-arrangementet i ukeplaner eller periodeplaner, slik at foreldrene ogs\u00e5 f\u00e5r informasjon om bes\u00f8ket<\/li><li>bruker informasjonsmateriell og l\u00e6rerressurser i forkant av arrangementet<\/li><li>deltar p\u00e5 DKS-arrangementet sammen med elevene<\/li><li>setter av tid i klassen til refleksjon og i samarbeid med elevene gir tilbakemelding til oss etter at DKS-arrangementet er ferdig. Bruk tilbakemeldingsskjema i Portalen<\/li><\/ul>\n\n\n\n<p class=\"has-medium-font-size\"><\/p>\n\n\n\n<p class=\"has-medium-font-size\">Hvis det er noe du lurer p\u00e5, kan du i tillegg til \u00e5 samarbeide med kulturkontakten p\u00e5 skolen din, ta kontakt med <a href=\"https:\/\/www.denkulturelleskolesekken.no\/telemark\/for-kommuner-grunnskoler\/oversikt-kommunekoordinatorer-for-dks-i-telemark\/\">kommunekontakten<\/a> eller oss <a href=\"https:\/\/wordpress.kulturtanken.app\/telemark\/kontakt-oss\/\">planleggere i fylkeskommunen<\/a>.  <br><br><\/p>\n","protected":false},"excerpt":{"rendered":"<p>Forberedelse er n\u00f8kkelen til at DKS-bes\u00f8ket blir vellykket, og b\u00e5de l\u00e6rere, kollegaer og elever b\u00f8r vite hva som kommer. L\u00e6reren er viktig rollemodell for elevene i m\u00f8te med kunst og kultur, og det er viktig at du som l\u00e6rer deler opplevelsen sammen med elevene. Forbered elevene p\u00e5 hva de skal oppleve. Hold kontakt og samarbeid [&hellip;]<\/p>\n","protected":false},"author":11,"featured_media":0,"parent":25,"menu_order":1,"comment_status":"closed","ping_status":"closed","template":"","meta":{"footnotes":""},"class_list":["post-815","page","type-page","status-publish","hentry"],"_links":{"self":[{"href":"https:\/\/wordpress.kulturtanken.app\/telemark\/wp-json\/wp\/v2\/pages\/815","targetHints":{"allow":["GET"]}}],"collection":[{"href":"https:\/\/wordpress.kulturtanken.app\/telemark\/wp-json\/wp\/v2\/pages"}],"about":[{"href":"https:\/\/wordpress.kulturtanken.app\/telemark\/wp-json\/wp\/v2\/types\/page"}],"author":[{"embeddable":true,"href":"https:\/\/wordpress.kulturtanken.app\/telemark\/wp-json\/wp\/v2\/users\/11"}],"replies":[{"embeddable":true,"href":"https:\/\/wordpress.kulturtanken.app\/telemark\/wp-json\/wp\/v2\/comments?post=815"}],"version-history":[{"count":21,"href":"https:\/\/wordpress.kulturtanken.app\/telemark\/wp-json\/wp\/v2\/pages\/815\/revisions"}],"predecessor-version":[{"id":2987,"href":"https:\/\/wordpress.kulturtanken.app\/telemark\/wp-json\/wp\/v2\/pages\/815\/revisions\/2987"}],"up":[{"embeddable":true,"href":"https:\/\/wordpress.kulturtanken.app\/telemark\/wp-json\/wp\/v2\/pages\/25"}],"wp:attachment":[{"href":"https:\/\/wordpress.kulturtanken.app\/telemark\/wp-json\/wp\/v2\/media?parent=815"}],"curies":[{"name":"wp","href":"https:\/\/api.w.org\/{rel}","templated":true}]}}