{"id":920,"date":"2020-04-30T10:25:37","date_gmt":"2020-04-30T10:25:37","guid":{"rendered":"https:\/\/wordpress.kulturtanken.app\/vestfoldogtelemark\/?page_id=920"},"modified":"2024-07-12T12:33:03","modified_gmt":"2024-07-12T12:33:03","slug":"innmelding-av-produksjoner","status":"publish","type":"page","link":"https:\/\/wordpress.kulturtanken.app\/telemark\/innmelding-av-produksjoner\/","title":{"rendered":"Innmelding av produksjoner"},"content":{"rendered":"\n<h3 class=\"has-black-color has-text-color wp-block-heading\"><strong>Har du en spennende produksjon som du \u00f8nsker \u00e5 turnere med<\/strong> <strong>i Telemark?<\/strong><\/h3>\n\n\n\n<p><\/p>\n\n\n\n<p class=\"has-medium-font-size\"><strong>1. september: <\/strong>Vi \u00e5pner for innmelding av produksjoner. <br><strong>1. oktober: <\/strong>Frist for innmelding av produksjoner. Da blir du med i vurderingen av turneer for skole\u00e5ret som har oppstart h\u00f8sten etter.<br><\/p>\n\n\n\n<p class=\"has-medium-font-size\">Innmelding  gj\u00f8res via den sentrale DKS-portalen p\u00e5 <a href=\"https:\/\/www.denkulturelleskolesekken.no\/forside\/om-dks\/utover\/\">denkulturelleskolesekken.no<\/a>.<\/p>\n\n\n\n<p class=\"has-medium-font-size\"><\/p>\n\n\n\n<p class=\"has-medium-font-size\"><a href=\"https:\/\/www.denkulturelleskolesekken.no\/telemark\/er-du-utover\/\">Les mer om det \u00e5 v\u00e6re ut\u00f8ver for Den kulturelle skolesekken.<\/a><\/p>\n\n\n<p><!--EndFragment--><\/p>\n\n\n<p><\/p>\n","protected":false},"excerpt":{"rendered":"<p>Har du en spennende produksjon som du \u00f8nsker \u00e5 turnere med i Telemark? 1. september: Vi \u00e5pner for innmelding av produksjoner. 1. oktober: Frist for innmelding av produksjoner. Da blir du med i vurderingen av turneer for skole\u00e5ret som har oppstart h\u00f8sten etter. Innmelding gj\u00f8res via den sentrale DKS-portalen p\u00e5 denkulturelleskolesekken.no. Les mer om det [&hellip;]<\/p>\n","protected":false},"author":11,"featured_media":0,"parent":0,"menu_order":0,"comment_status":"closed","ping_status":"closed","template":"","meta":{"footnotes":""},"class_list":["post-920","page","type-page","status-publish","hentry"],"_links":{"self":[{"href":"https:\/\/wordpress.kulturtanken.app\/telemark\/wp-json\/wp\/v2\/pages\/920","targetHints":{"allow":["GET"]}}],"collection":[{"href":"https:\/\/wordpress.kulturtanken.app\/telemark\/wp-json\/wp\/v2\/pages"}],"about":[{"href":"https:\/\/wordpress.kulturtanken.app\/telemark\/wp-json\/wp\/v2\/types\/page"}],"author":[{"embeddable":true,"href":"https:\/\/wordpress.kulturtanken.app\/telemark\/wp-json\/wp\/v2\/users\/11"}],"replies":[{"embeddable":true,"href":"https:\/\/wordpress.kulturtanken.app\/telemark\/wp-json\/wp\/v2\/comments?post=920"}],"version-history":[{"count":9,"href":"https:\/\/wordpress.kulturtanken.app\/telemark\/wp-json\/wp\/v2\/pages\/920\/revisions"}],"predecessor-version":[{"id":2858,"href":"https:\/\/wordpress.kulturtanken.app\/telemark\/wp-json\/wp\/v2\/pages\/920\/revisions\/2858"}],"wp:attachment":[{"href":"https:\/\/wordpress.kulturtanken.app\/telemark\/wp-json\/wp\/v2\/media?parent=920"}],"curies":[{"name":"wp","href":"https:\/\/api.w.org\/{rel}","templated":true}]}}