{"id":290,"date":"2020-08-21T10:02:41","date_gmt":"2020-08-21T09:02:41","guid":{"rendered":"https:\/\/wordpress.kulturtanken.app\/vestland\/?page_id=290"},"modified":"2025-06-24T12:13:55","modified_gmt":"2025-06-24T11:13:55","slug":"honorarsatsar-og-rammeavtale","status":"publish","type":"page","link":"https:\/\/wordpress.kulturtanken.app\/vestland\/honorarsatsar-og-rammeavtale\/","title":{"rendered":"Honorarsatsar og rammeavtale"},"content":{"rendered":"\n<p>Vestland\u00a0fylkeskommune\u00a0f\u00f8lgjer\u00a0ASA 4401 Rammeavtale om vilk\u00e5r for oppdragstakere i Den kulturelle skolesekken i fylkeskommuner og kommuner.<\/p>\n\n\n\n<p>Hovudutval for kultur, idrett og integrering vedtok i 2021 \u00e5 legge Rammeavtale om vilk\u00e5r for oppdragstakere i Den kulturelle skolesekken i kommuner og fylkeskommuner, ASA 4401<em>,<\/em> til grunn for inng\u00e5ing av individuelle avtalar med oppdragstakarar i Den kulturelle skulesekken i Vestland (PS 113\/21). Direkt\u00f8r fekk fullmakt til \u00e5 gjere justeringar som f\u00f8lgje av eventuelle endringar i vilk\u00e5ra og satsane i rammeavtalen.<\/p>\n\n\n\n<p><strong>Satsar for oppdragstakarar<\/strong>. <br>Rammeavtale for perioden 1. august 2025 til 31. juli 2027. Honorar pr. formidlingsdag er: kr 6073,-, jamf\u00f8r ASA 4401 og justering av satsen fr\u00e5 og med 1. august 2025.<\/p>\n\n\n\n<p><strong>Scenekunst<\/strong><br>Ved engasjement av produksjonar som er ein del av Norsk scenekunstbruk sitt repertoar gjeld prisar fastsett av\u00a0Norsk scenekunstbruk. Grunnprisane er justert etter satsane i ASA 4401 (kr 6 073,- pr. formidlingsdag). <a href=\"https:\/\/www.scenekunstbruket.no\/\">Lenke til nettside for Norsk scenekunstbruk<\/a>.<\/p>\n\n\n\n<p><\/p>\n\n\n\n<p><\/p>\n","protected":false},"excerpt":{"rendered":"<p>Vestland\u00a0fylkeskommune\u00a0f\u00f8lgjer\u00a0ASA 4401 Rammeavtale om vilk\u00e5r for oppdragstakere i Den kulturelle skolesekken i fylkeskommuner og kommuner. Hovudutval for kultur, idrett og integrering vedtok i 2021 \u00e5 legge Rammeavtale om vilk\u00e5r for oppdragstakere i Den kulturelle skolesekken i kommuner og fylkeskommuner, ASA 4401, til grunn for inng\u00e5ing av individuelle avtalar med oppdragstakarar i Den kulturelle skulesekken i [&hellip;]<\/p>\n","protected":false},"author":6,"featured_media":0,"parent":0,"menu_order":0,"comment_status":"closed","ping_status":"closed","template":"","meta":{"footnotes":""},"class_list":["post-290","page","type-page","status-publish","hentry"],"_links":{"self":[{"href":"https:\/\/wordpress.kulturtanken.app\/vestland\/wp-json\/wp\/v2\/pages\/290","targetHints":{"allow":["GET"]}}],"collection":[{"href":"https:\/\/wordpress.kulturtanken.app\/vestland\/wp-json\/wp\/v2\/pages"}],"about":[{"href":"https:\/\/wordpress.kulturtanken.app\/vestland\/wp-json\/wp\/v2\/types\/page"}],"author":[{"embeddable":true,"href":"https:\/\/wordpress.kulturtanken.app\/vestland\/wp-json\/wp\/v2\/users\/6"}],"replies":[{"embeddable":true,"href":"https:\/\/wordpress.kulturtanken.app\/vestland\/wp-json\/wp\/v2\/comments?post=290"}],"version-history":[{"count":36,"href":"https:\/\/wordpress.kulturtanken.app\/vestland\/wp-json\/wp\/v2\/pages\/290\/revisions"}],"predecessor-version":[{"id":1779,"href":"https:\/\/wordpress.kulturtanken.app\/vestland\/wp-json\/wp\/v2\/pages\/290\/revisions\/1779"}],"wp:attachment":[{"href":"https:\/\/wordpress.kulturtanken.app\/vestland\/wp-json\/wp\/v2\/media?parent=290"}],"curies":[{"name":"wp","href":"https:\/\/api.w.org\/{rel}","templated":true}]}}

<p>Vestland fylkeskommune følgjer ASA 4401 Rammeavtale om vilkår for oppdragstakere i Den kulturelle skolesekken i fylkeskommuner og kommuner.</p>



<p>Hovudutval for kultur, idrett og integrering vedtok i 2021 å legge Rammeavtale om vilkår for oppdragstakere i Den kulturelle skolesekken i kommuner og fylkeskommuner, ASA 4401<em>,</em> til grunn for inngåing av individuelle avtalar med oppdragstakarar i Den kulturelle skulesekken i Vestland (PS 113/21). Direktør fekk fullmakt til å gjere justeringar som følgje av eventuelle endringar i vilkåra og satsane i rammeavtalen.</p>



<p><strong>Satsar for oppdragstakarar</strong>. <br>Rammeavtale for perioden 1. august 2025 til 31. juli 2027. Honorar pr. formidlingsdag er: kr 6073,-, jamfør ASA 4401 og justering av satsen frå og med 1. august 2025.</p>



<p><strong>Scenekunst</strong><br>Ved engasjement av produksjonar som er ein del av Norsk scenekunstbruk sitt repertoar gjeld prisar fastsett av Norsk scenekunstbruk. Grunnprisane er justert etter satsane i ASA 4401 (kr 6 073,- pr. formidlingsdag). <a href="https://www.scenekunstbruket.no/">Lenke til nettside for Norsk scenekunstbruk</a>.</p>



<p></p>



<p></p>

<p>Vestland fylkeskommune følgjer ASA 4401 Rammeavtale om vilkår for oppdragstakere i Den kulturelle skolesekken i fylkeskommuner og kommuner. Hovudutval for kultur, idrett og integrering vedtok i 2021 å legge Rammeavtale om vilkår for oppdragstakere i Den kulturelle skolesekken i kommuner og fylkeskommuner, ASA 4401, til grunn for inngåing av individuelle avtalar med oppdragstakarar i Den kulturelle skulesekken i [&hellip;]</p>
