{"id":680,"date":"2021-03-30T09:26:09","date_gmt":"2021-03-30T08:26:09","guid":{"rendered":"https:\/\/wordpress.kulturtanken.app\/vestland\/?page_id=680"},"modified":"2024-09-10T11:39:42","modified_gmt":"2024-09-10T10:39:42","slug":"kommunal-dks","status":"publish","type":"page","link":"https:\/\/wordpress.kulturtanken.app\/vestland\/kommunal-dks\/","title":{"rendered":"Kommunal DKS"},"content":{"rendered":"\n<h2 class=\"wp-block-heading\"><\/h2>\n\n\n\n<p>Omlag 1\/3 av spelemidlane som vert tildelt Vestland fylkeskommune til grunnskulane vert\u00a0fordelt vidare ut til kommunane i fylket. Kommunane nyttar desse midlane til det kommunale programmet i DKS.\u00a0<\/p>\n\n\n\n<p>Kulturtanken har det nasjonale ansvaret for DKS og forvaltar midlane til ordninga.<\/p>\n\n\n\n<h4 class=\"wp-block-heading\">Rapport<\/h4>\n\n\n\n<p>I januar kvart \u00e5r skal kommunane rapportere til fylkeskommunen&nbsp;p\u00e5 bruk av midlane dei f\u00e5r tildelt.<\/p>\n\n\n\n<p><\/p>\n","protected":false},"excerpt":{"rendered":"<p>Omlag 1\/3 av spelemidlane som vert tildelt Vestland fylkeskommune til grunnskulane vert\u00a0fordelt vidare ut til kommunane i fylket. Kommunane nyttar desse midlane til det kommunale programmet i DKS.\u00a0 Kulturtanken har det nasjonale ansvaret for DKS og forvaltar midlane til ordninga. Rapport I januar kvart \u00e5r skal kommunane rapportere til fylkeskommunen&nbsp;p\u00e5 bruk av midlane dei f\u00e5r [&hellip;]<\/p>\n","protected":false},"author":6,"featured_media":0,"parent":0,"menu_order":0,"comment_status":"closed","ping_status":"closed","template":"","meta":{"footnotes":""},"class_list":["post-680","page","type-page","status-publish","hentry"],"_links":{"self":[{"href":"https:\/\/wordpress.kulturtanken.app\/vestland\/wp-json\/wp\/v2\/pages\/680","targetHints":{"allow":["GET"]}}],"collection":[{"href":"https:\/\/wordpress.kulturtanken.app\/vestland\/wp-json\/wp\/v2\/pages"}],"about":[{"href":"https:\/\/wordpress.kulturtanken.app\/vestland\/wp-json\/wp\/v2\/types\/page"}],"author":[{"embeddable":true,"href":"https:\/\/wordpress.kulturtanken.app\/vestland\/wp-json\/wp\/v2\/users\/6"}],"replies":[{"embeddable":true,"href":"https:\/\/wordpress.kulturtanken.app\/vestland\/wp-json\/wp\/v2\/comments?post=680"}],"version-history":[{"count":9,"href":"https:\/\/wordpress.kulturtanken.app\/vestland\/wp-json\/wp\/v2\/pages\/680\/revisions"}],"predecessor-version":[{"id":1663,"href":"https:\/\/wordpress.kulturtanken.app\/vestland\/wp-json\/wp\/v2\/pages\/680\/revisions\/1663"}],"wp:attachment":[{"href":"https:\/\/wordpress.kulturtanken.app\/vestland\/wp-json\/wp\/v2\/media?parent=680"}],"curies":[{"name":"wp","href":"https:\/\/api.w.org\/{rel}","templated":true}]}}

<h2 class="wp-block-heading"></h2>



<p>Omlag 1/3 av spelemidlane som vert tildelt Vestland fylkeskommune til grunnskulane vert fordelt vidare ut til kommunane i fylket. Kommunane nyttar desse midlane til det kommunale programmet i DKS. </p>



<p>Kulturtanken har det nasjonale ansvaret for DKS og forvaltar midlane til ordninga.</p>



<h4 class="wp-block-heading">Rapport</h4>



<p>I januar kvart år skal kommunane rapportere til fylkeskommunen&nbsp;på bruk av midlane dei får tildelt.</p>



<p></p>

<p>Omlag 1/3 av spelemidlane som vert tildelt Vestland fylkeskommune til grunnskulane vert fordelt vidare ut til kommunane i fylket. Kommunane nyttar desse midlane til det kommunale programmet i DKS.  Kulturtanken har det nasjonale ansvaret for DKS og forvaltar midlane til ordninga. Rapport I januar kvart år skal kommunane rapportere til fylkeskommunen&nbsp;på bruk av midlane dei får [&hellip;]</p>
